me factors of 8100636?
2, 3, 17, 39709
What are the prime factors of 511273?
7, 73039
List the prime factors of 428703.
3, 11, 1181
List the prime factors of 4693051.
11, 426641
What are the prime factors of 123396?
2, 3, 7, 13, 113
What are the prime factors of 321496?
2, 7, 5741
List the prime factors of 2924917.
19, 257, 599
List the prime factors of 4374111.
3, 7, 208291
List the prime factors of 612861.
3, 281, 727
List the prime factors of 127646.
2, 63823
What are the prime factors of 2318450?
2, 5, 89, 521
List the prime factors of 3174665.
5, 13, 17
List the prime factors of 255926.
2, 11, 11633
What are the prime factors of 1796474?
2, 113, 7949
What are the prime factors of 17812080?
2, 3, 5, 11, 13, 173
What are the prime factors of 1497833?
53, 59, 479
List the prime factors of 1531722.
2, 3, 29, 8803
List the prime factors of 811253.
811253
List the prime factors of 527491.
67, 7873
What are the prime factors of 110091?
3, 36697
What are the prime factors of 2422670?
2, 5, 17, 14251
List the prime factors of 877408.
2, 7, 3917
What are the prime factors of 27097192?
2, 19, 47, 3793
What are the prime factors of 11802141?
3, 13, 149, 677
List the prime factors of 55698.
2, 3, 9283
List the prime factors of 254196.
2, 3, 23, 307
What are the prime factors of 723044?
2, 7, 17, 31
List the prime factors of 4302375.
3, 5, 7, 11, 149
List the prime factors of 194353.
194353
List the prime factors of 749440.
2, 5, 1171
List the prime factors of 24340182.
2, 3, 4056697
What are the prime factors of 184027?
163, 1129
List the prime factors of 2963836.
2, 173, 4283
What are the prime factors of 2214680?
2, 5, 13, 4259
List the prime factors of 11314228.
2, 53, 83, 643
List the prime factors of 1060678.
2, 530339
What are the prime factors of 122336?
2, 3823
What are the prime factors of 19913633?
29, 61, 11257
List the prime factors of 24042329.
31, 173, 4483
What are the prime factors of 14188509?
3, 1576501
List the prime factors of 19141234.
2, 7, 1367231
What are the prime factors of 14276748?
2, 3, 151, 7879
List the prime factors of 4445829.
3, 19, 25999
What are the prime factors of 1113175?
5, 7, 6361
List the prime factors of 12121220.
2, 5, 331, 1831
What are the prime factors of 76128?
2, 3, 13, 61
List the prime factors of 6711540.
2, 3, 5, 11, 10169
List the prime factors of 355729.
11, 73, 443
List the prime factors of 13753773.
3, 11, 46309
List the prime factors of 58596.
2, 3, 19, 257
List the prime factors of 219111.
3, 73037
What are the prime factors of 144711?
3, 7, 2297
List the prime factors of 453688.
2, 56711
What are the prime factors of 258356?
2, 7, 9227
What are the prime factors of 10507696?
2, 47, 89, 157
List the prime factors of 626871.
3, 7, 29851
List the prime factors of 362031.
3, 120677
List the prime factors of 1113412.
2, 278353
List the prime factors of 4997514.
2, 3, 832919
What are the prime factors of 3848541?
3, 157, 8171
List the prime factors of 123094.
2, 61547
What are the prime factors of 3859108?
2, 11, 229, 383
List the prime factors of 1539179.
907, 1697
What are the prime factors of 1427271?
3, 31, 103, 149
What are the prime factors of 586628?
2, 7, 41, 73
List the prime factors of 76064.
2, 2377
What are the prime factors of 4899409?
101, 179, 271
What are the prime factors of 661654?
2, 7, 167, 283
List the prime factors of 305504.
2, 9547
What are the prime factors of 2781513?
3, 7, 14717
What are the prime factors of 1006710?
2, 3, 5, 23, 1459
List the prime factors of 4438056.
2, 3, 7, 26417
List the prime factors of 247522.
2, 11, 11251
List the prime factors of 1659461.
31, 199, 269
What are the prime factors of 1240531?
821, 1511
List the prime factors of 371762.
2, 151, 1231
What are the prime factors of 4292725?
5, 29, 31, 191
What are the prime factors of 1080705?
3, 5, 72047
What are the prime factors of 6255614?
2, 31, 163, 619
List the prime factors of 3529042.
2, 11, 47, 3413
What are the prime factors of 159772?
2, 59, 677
What are the prime factors of 9458398?
2, 4729199
List the prime factors of 184757.
47, 3931
What are the prime factors of 469815?
3, 5, 31321
What are the prime factors of 23908307?
17, 1171, 1201
What are the prime factors of 26423824?
2, 7, 235927
List the prime factors of 9032579.
9032579
What are the prime factors of 201727?
61, 3307
What are the prime factors of 619917?
3, 206639
What are the prime factors of 10293386?
2, 1217, 4229
What are the prime factors of 1421254?
2, 710627
List the prime factors of 2335527.
3, 86501
What are the prime factors of 979790?
2, 5, 7, 13997
What are the prime factors of 5007808?
2, 13, 463
List the prime factors of 210860.
2, 5, 13, 811
What are the prime factors of 278163?
3, 31, 997
What are the prime factors of 25669849?
47, 151, 3617
List the prime factors of 6208696.
2, 13, 59699
List the prime factors of 9584919.
3, 354997
List the prime factors of 2996202.
2, 3, 11, 4127
What are the prime factors of 470113?
7, 239, 281
List the prime factors of 100607.
13, 71, 109
What are the prime factors of 2006475?
3, 5, 31, 863
What are the prime factors of 3422735?
5, 684547
What are the prime factors of 168799?
59, 2861
What are the prime factors of 4706243?
19, 247697
List the prime factors of 23721818.
2, 191, 62099
What are the prime factors of 1314113?
1314113
List the prime factors of 136827.
3, 23, 661
What are the prime factors of 552561?
3, 184187
List the prime factors of 699816.
2, 3, 13, 2243
What are the prime factors of 1438959?
3, 67, 7159
What are the prime factors of 1358038?
2, 11, 61729
List the prime factors of 852290.
2, 5, 85229
List the prime factors of 11781479.
61, 193139
List the prime factors of 230765.
5, 46153
What are the prime factors of 430929?
3, 47881
What are the prime factors of 80270?
2, 5, 23, 349
What are the prime factors of 303934?
2, 151967
What are the prime factors of 934545?
3, 5, 62303
What are the prime factors of 792211?
7, 113173
List the prime factors of 1704150.
2, 3, 5, 7, 541
What are the prime factors of 7488977?
547, 13691
List the prime factors of 819648.
2, 3, 1423
What are the prime factors of 19426?
2, 11, 883
What are the prime factors of 7615920?
2, 3, 5, 13, 2441
What are the prime factors of 5426177?
5426177
List the prime factors of 862264.
2, 13, 8291
List the prime factors of 104975.
5, 13, 17, 19
List the prime factors of 4698456.
2, 3, 7, 27967
What are the prime factors of 480801?
3, 139, 1153
What are the prime factors of 28937818?
2, 7, 13, 23, 31, 223
List the prime factors of 3367166.
2, 11, 41, 3733
List the prime factors of 1945848.
2, 3, 81077
List the prime factors of 19071972.
2, 3, 19, 27883
List the prime factors of 3299033.
3299033
List the prime factors of 475638.
2, 3, 79273
List the prime factors of 1301751.
3, 11, 487
What are the prime factors of 1175086?
2, 11, 31, 1723
List the prime factors of 3398319.
3, 23, 16417
What are the prime factors of 275824?
2, 17239
List the prime factors of 209474.
2, 17, 61, 101
List the prime factors of 353438.
2, 19, 71, 131
List the prime factors of 76299.
3, 29, 877
List the prime factors of 70539.
3, 7, 3359
List the prime factors of 4272924.
2, 3, 356077
List the prime factors of 1135589.
7, 13, 12479
What are the prime factors of 6577015?
5, 41, 32083
List the prime factors of 27112477.
7, 29, 133559
List the prime factors of 318719.
67, 71
What are the prime factors of 11019603?
3, 7, 524743
What are the prime factors of 1269234?
2, 3, 107, 659
What are the prime factors of 228186?
2, 3, 7, 1811
List the prime factors of 11170406.
2, 13, 429631
List the prime factors of 1869251.
1869251
What are the prime factors of 10959655?
5, 7, 313133
What are the prime factors of 28724?
2, 43, 167
List the prime factors of 372167.
372167
List the prime factors of 306987.
3, 102329
List the prime factors of 1100008.
2, 7, 13, 1511
What are the prime factors of 2210455?
5, 13, 31, 1097
List the prime factors of 171385.
5, 151, 227
List the prime factors of 2127103.
11, 193373
What are the prime factors of 13198440?
2, 3, 5, 109987
What are the prime factors of 1451708?
2, 362927
List the prime factors of 347950.
2, 5, 6959
What are the prime factors of 7201369?
7, 23, 44729
List the prime factors